ppose -5*f + 179 = 5*y - y, -144 = -l*f - 3*y. What are the prime factors of f?
3, 13
Let t(k) = -k**3 - 10*k**2 - 10*k - 67. List the prime factors of t(-17).
2, 1063
Let s be (-2)/3 + (-2)/(-3). Suppose 0 = d - u - 145, -2*d = -5*u - s*u - 290. List the prime factors of d.
5, 29
Let h = 252 - 256. Let i(m) be the second derivative of m**4/6 - m**2 - m. List the prime factors of i(h).
2, 3, 5
Let c(w) = w**3 - 5*w**2 + 3*w + 7. Let p be c(4). Let r(i) = 9*i**2 + 3*i - 10. List the prime factors of r(p).
2, 5
Let d be 6/(2/3 - 49/168). Let g = 34 - d. What are the prime factors of g?
2, 3
Let v = 18 + -17. Let c be v*(3 - 45)*1. Let q = 68 + c. List the prime factors of q.
2, 13
Suppose -3*s - 5*v + 6208 + 5991 = 0, 0 = 2*s - v - 8150. List the prime factors of s.
4073
Let k(s) = -s**2 + 14*s + 28. List the prime factors of k(12).
2, 13
Suppose 0 = 7*s - 122 - 431. What are the prime factors of s?
79
Let d be (7 - 3)*((-22)/(-4) + 1). Let n = 24 + d. List the prime factors of n.
2, 5
Suppose -4*z - 4104 = -3*s, 0 = -4*s + 16*z - 12*z + 5468. What are the prime factors of s?
2, 11, 31
Suppose 8*x = 7038 - 1046. List the prime factors of x.
7, 107
Suppose 2*r + n = 5*r - 4993, -5*n - 3307 = -2*r. What are the prime factors of r?
2, 7, 17
Suppose -x + 2*i - 4*i = 10, -15 = 3*i. Let b be ((-2)/2 - x)/(-1). What are the prime factors of b/(-4) + (-274)/(-8)?
2, 17
Suppose 2*w + w - 30 = 0. Suppose 0*u + 38 = 2*u + 4*m, -3*m = -2*u + w. Suppose -t + u = -3*k + 60, 5*t = 25. List the prime factors of k.
2, 3
Let z be 103 - (6 - (3 + 0)). Let u = z - 23. List the prime factors of u.
7, 11
Suppose 37*l - 31*l = 102. What are the prime factors of l?
17
Suppose 6*h - 8 = 4*h. Let t be (-3540)/16 - 3/h. What are the prime factors of (1/(-2))/(3/t)?
37
Suppose q + 213 = 2*z, 5*q = -4*z + 2*z + 207. Let u = -5 - -8. Suppose -4*g - 2*s = -171 + 31, -2*s + z = u*g. What are the prime factors of g?
2, 17
Let r(f) = 2*f - 14. Let s be r(8). Suppose 0*y + 160 = s*b + 2*y, -b - 3*y = -86. List the prime factors of b.
7, 11
Let a(m) = -2*m**2 + 7*m + 8. Let j be a(4). Suppose 2*w = -0*w + j, 0 = 4*t + w - 910. List the prime factors of t.
227
Let c(p) = -3*p - 5. Suppose 18 + 2 = 4*b, 3*k + 3*b = 36. Let g(z) = 6*z + 9. Let j(v) = k*c(v) + 4*g(v). List the prime factors of j(6).
19
Let l be (-114)/(-10) + (-14)/35. Let n(h) = -8*h - 10*h + 17*h + l. What are the prime factors of n(8)?
3
Let q(y) = y**3 + 22*y**2 - 38*y - 298. List the prime factors of q(-22).
2, 269
Let y be (-11 + 11)/(3/1). Suppose 2*v - 40 = u + 4*u, -5*v - 5*u + 135 = y. What are the prime factors of v?
5
Suppose 0 = 362*j - 364*j + 238. What are the prime factors of j?
7, 17
Let t = -65 + 88. Suppose -t = -2*i + 39. What are the prime factors of i?
31
Suppose 4*s - 2*n - 8 = 0, 11 + 12 = 5*s + 4*n. Let m(j) = 6*j + 4. List the prime factors of m(s).
2, 11
Let u be ((-129)/(-6))/(1/(-2)). Let h = 3 - u. List the prime factors of h.
2, 23
Suppose -2714 - 2388 = -2*m. List the prime factors of m.
2551
Suppose -4899 = 25*c - 20124. What are the prime factors of c?
3, 7, 29
What are the prime factors of (-296)/111*2/4*-15?
2, 5
Let l = 14 - 143. Let h = l - -154. What are the prime factors of h?
5
Let w = 2931 - 680. What are the prime factors of w?
2251
What are the prime factors of 1 - 156/8*1*-12?
5, 47
Suppose 0 = 85*y - 101*y + 12736. List the prime factors of y.
2, 199
Suppose 0*w + 43 = w. Suppose -5*z + 5*h + 8 = -2, 6 = z + h. Let f = z + w. List the prime factors of f.
47
Suppose 0 = 5*w + 1045 - 3140. List the prime factors of w.
419
Let t = -4185 - -6051. What are the prime factors of t?
2, 3, 311
Let v be (-10)/4*12/15. Let c(k) = -k - 1. Let d(n) = 6*n + 5. Let p(g) = v*c(g) - d(g). What are the prime factors of p(-7)?
5
Let o be (1/(-2))/((-2)/8). Suppose -o*m = 5*a - 427, 4*a = -5*m - a + 1105. List the prime factors of m.
2, 113
Let x be (-1 - 3 - -9)*79. Suppose 49 = 4*g - x. What are the prime factors of g?
3, 37
Let y be 148/(-18) - 12/(-54). List the prime factors of y/((0 - 1) + -1).
2
Let k(o) = 13*o + 121. List the prime factors of k(-8).
17
What are the prime factors of (13114/6 - 2) + 18/54?
2, 3, 7, 13
Suppose -r + 88 = c, -3*r - 358 = -3*c - 118. List the prime factors of c.
2, 3, 7
Suppose 5*x + q - 26 = 0, x = -4*x + 2*q + 38. Suppose -x*k + 152 = -4*k. List the prime factors of (-1)/((-80)/k + 1).
19
Let s(c) = c + 51. Let w be s(7). Let v = w - -56. List the prime factors of v.
2, 3, 19
Suppose -5*p + 7 = -8. Suppose p*r = 123 + 129. What are the prime factors of r?
2, 3, 7
List the prime factors of 10/(-12) + 161842/228.
709
Let x = 1793 + -1252. List the prime factors of x.
541
Let o(f) be the second derivative of f**5/10 - f**4/4 - f**3/6 + 2*f**2 + 4*f. Let j be o(3). Suppose 7*g - j = 5*g. What are the prime factors of g?
2, 7
Suppose -7*q + 8*q = 3. Suppose -16 = -q*c - c, -3*i + 2*c = -10. Suppose -2*l + i*l - 3*h - 82 = 0, 0 = 5*l + 2*h - 91. List the prime factors of l.
19
Suppose 3*z = -2*q + 683, q - 4*z - 349 = -7*z. List the prime factors of q.
2, 167
Let t = -10 - -17. Let o(j) = -j**3 + 20*j**2 + 20*j + 43. Let r be o(21). Suppose -u + p = u - t, 5*u - r = -2*p. What are the prime factors of u?
2
Let z(v) = v**3 - 6*v**2 + 9*v - 1. Let k be z(4). What are the prime factors of k - (-15 - 282)/((-6)/(-4))?
3, 67
Let x = -201 + 627. What are the prime factors of x?
2, 3, 71
Let b = -171 - -174. Suppose 5*c + 0*o = 5*o + 1415, -2*o = b*c - 829. List the prime factors of c.
3, 31
Let w(j) = -10*j - 2. Let q(h) = 11*h + 3. Let p(r) = 5*q(r) + 6*w(r). Let u be 3/(-6) + 18/(-4). List the prime factors of p(u).
2, 7
Let g = 11 - 18. Let r be 2/7 - 642/g. Suppose -r = -0*i - 3*i - 4*n, -2*i - n + 63 = 0. What are the prime factors of i?
2
Let i = -2412 + 5510. What are the prime factors of i?
2, 1549
Let c = -16 - -20. Suppose 44 - c = 4*g. What are the prime factors of g?
2, 5
Let u(b) = b**2 - 6*b - 12. List the prime factors of u(-20).
2, 127
Let g = 126 + -110. Let x = 124 + g. List the prime factors of x.
2, 5, 7
What are the prime factors of 4737/9 - (80/12)/(-10)?
17, 31
Suppose 19*g = -11813 + 33074. What are the prime factors of g?
3, 373
Suppose 3*o = -6, -m + 4*o - 6937 = -4*m. List the prime factors of m.
5, 463
Let d(m) = -2*m + 2. Let z be d(2). Let j be 109*(z - -1)*-1. Let l = j + -60. What are the prime factors of l?
7
List the prime factors of ((-348)/(-14))/(1/77).
2, 3, 11, 29
Let q(t) = t**2 + 3*t + 4. Let h(a) = a - 34. Let d be h(25). What are the prime factors of q(d)?
2, 29
Let x(t) be the second derivative of -t**5/20 - t**4/2 + t**3 + 9*t**2/2 - 11*t. List the prime factors of x(-7).
2
Let g = 1415 - 1026. What are the prime factors of g?
389
Suppose -4*y + 200 = 64. List the prime factors of (-114)/(-4) - (-17)/y.
29
Let d = -1418 + 2477. What are the prime factors of d?
3, 353
Suppose -5*m = 2*j - 1744, j - 3*m - 41 = 853. List the prime factors of j.
2, 3, 7
Let p be (1 + -1)*(-3)/9. Suppose 0 = -3*s - p*s + 99. What are the prime factors of s?
3, 11
Suppose -15072 - 2548 = -20*t. List the prime factors of t.
881
Suppose 0 = 30*j - 27*j - 27. Suppose 1916 = j*w + 476. What are the prime factors of w?
2, 5
Suppose 3*n - 4*x = -5*x + 212, 16 = -4*x. Suppose 12*r - 13*r = -2. Suppose 3*y = -4*b - 0*y + n, 54 = 3*b - r*y. What are the prime factors of b?
2, 3
Suppose 0 = -2953*c + 2951*c + 1264. What are the prime factors of c?
2, 79
What are the prime factors of 3/7 - (-532525)/245?
2, 1087
Let v(j) = 40*j + 61. What are the prime factors of v(13)?
7, 83
Let t(p) = -p**2. Let j be t(-2). Let q be 2/j + (-7)/(-14). List the prime factors of 8 - ((-1)/1 + q).
3
Suppose 2*r = 5*o + 891, -3*o = 2*r - 204 - 679. List the prime factors of r.
443
Let c be (2 - -5 - 2)/(-1). Let n(d) = d**2 + d - 10. What are the prime factors of n(c)?
2, 5
Suppose 801 = -7*x + 16*x. What are the prime factors of (x + (-1)/(-1))/(9 + -8)?
2, 3, 5
Let x = -125 - -116. What are the prime factors of (-582)/x*(0/(-1) + 3)?
2, 97
Let c = 54 - 36. Suppose -2*k + 17 = 5*b - c, -b + k + 7 = 0. Suppose l = b*l - 156. What are the prime factors of l?
2, 13
List the prime factors of 4782*(-11)/(-22)*(-4)/(-6).
2, 797
Let r(v) be the third derivative of v**5/60 + v*